CRAN Package Check Results for Package AzureKusto

Last updated on 2021-05-07 03:46:57 CEST.

Flavor Version Tinstall Tcheck Ttotal Status Flags
r-devel-linux-x86_64-debian-clang 1.0.6 9.98 64.18 74.16 OK
r-devel-linux-x86_64-debian-gcc 1.0.6 8.40 48.56 56.96 OK
r-devel-linux-x86_64-fedora-clang 1.0.6 104.54 NOTE
r-devel-linux-x86_64-fedora-gcc 1.0.6 87.41 NOTE
r-devel-windows-ix86+x86_64 1.0.6 30.00 90.00 120.00 OK
r-devel-windows-x86_64-gcc10-UCRT 1.0.6 NOTE
r-patched-linux-x86_64 1.0.6 17.76 59.90 77.66 OK
r-patched-solaris-x86 1.0.6 121.00 NOTE
r-release-linux-x86_64 1.0.6 9.17 58.92 68.09 OK
r-release-macos-x86_64 1.0.6 NOTE
r-release-windows-ix86+x86_64 1.0.6 18.00 63.00 81.00 OK
r-oldrel-macos-x86_64 1.0.6 NOTE
r-oldrel-windows-ix86+x86_64 1.0.6 18.00 93.00 111.00 OK

Check Details

Version: 1.0.6
Check: dependencies in R code
Result: NOTE
    Namespace in Imports field not imported from: ‘tibble’
     All declared Imports should be used.
Flavors: r-devel-linux-x86_64-fedora-clang, r-devel-linux-x86_64-fedora-gcc, r-devel-windows-x86_64-gcc10-UCRT, r-patched-solaris-x86, r-release-macos-x86_64, r-oldrel-macos-x86_64