Last updated on 2023-09-25 04:00:35 CEST.
Flavor | Version | Tinstall | Tcheck | Ttotal | Status | Flags |
---|---|---|---|---|---|---|
r-devel-linux-x86_64-debian-clang | 0.1.0 | 173.64 | 302.92 | 476.56 | NOTE | |
r-devel-linux-x86_64-debian-gcc | 0.1.0 | 136.90 | 223.78 | 360.68 | NOTE | |
r-devel-linux-x86_64-fedora-clang | 0.1.0 | 602.79 | NOTE | |||
r-devel-linux-x86_64-fedora-gcc | 0.1.0 | 459.10 | NOTE | |||
r-devel-windows-x86_64 | 0.1.0 | 142.00 | 239.00 | 381.00 | NOTE | |
r-patched-linux-x86_64 | 0.1.0 | 158.63 | 295.15 | 453.78 | NOTE | |
r-release-linux-x86_64 | 0.1.0 | 142.92 | 295.57 | 438.49 | NOTE | |
r-release-macos-arm64 | 0.1.0 | 126.00 | NOTE | |||
r-release-macos-x86_64 | 0.1.0 | 200.00 | NOTE | |||
r-release-windows-x86_64 | 0.1.0 | 174.00 | 288.00 | 462.00 | NOTE | |
r-oldrel-macos-arm64 | 0.1.0 | 110.00 | NOTE | |||
r-oldrel-macos-x86_64 | 0.1.0 | 186.00 | NOTE | |||
r-oldrel-windows-x86_64 | 0.1.0 | 160.00 | 290.00 | 450.00 | NOTE |
Version: 0.1.0
Check: for GNU extensions in Makefiles
Result: NOTE
GNU make is a SystemRequirements.
Flavors: r-devel-linux-x86_64-debian-clang, r-devel-linux-x86_64-debian-gcc, r-devel-linux-x86_64-fedora-clang, r-devel-linux-x86_64-fedora-gcc, r-devel-windows-x86_64, r-patched-linux-x86_64, r-release-linux-x86_64, r-release-macos-arm64, r-release-macos-x86_64, r-release-windows-x86_64, r-oldrel-macos-arm64, r-oldrel-macos-x86_64, r-oldrel-windows-x86_64
Version: 0.1.0
Check: package dependencies
Result: NOTE
Imports includes 22 non-default packages.
Importing from so many packages makes the package vulnerable to any of
them becoming unavailable. Move as many as possible to Suggests and
use conditionally.
Flavor: r-devel-linux-x86_64-fedora-clang
Version: 0.1.0
Check: dependencies in R code
Result: NOTE
Namespace in Imports field not imported from: ‘RcppParallel’
All declared Imports should be used.
Flavors: r-devel-linux-x86_64-fedora-clang, r-devel-linux-x86_64-fedora-gcc, r-oldrel-macos-arm64, r-oldrel-macos-x86_64
Version: 0.1.0
Check: installed package size
Result: NOTE
installed size is 34.0Mb
sub-directories of 1Mb or more:
libs 33.7Mb
Flavors: r-release-macos-arm64, r-release-macos-x86_64, r-oldrel-macos-arm64, r-oldrel-macos-x86_64