CRAN Package Check Results for Package Amelia

Last updated on 2020-10-28 02:48:51 CET.

Flavor Version Tinstall Tcheck Ttotal Status Flags
r-devel-linux-x86_64-debian-clang 1.7.6 40.01 76.60 116.61 NOTE
r-devel-linux-x86_64-debian-gcc 1.7.6 32.79 57.61 90.40 NOTE
r-devel-linux-x86_64-fedora-clang 1.7.6 157.01 NOTE
r-devel-linux-x86_64-fedora-gcc 1.7.6 157.36 NOTE
r-devel-windows-ix86+x86_64 1.7.6 87.00 128.00 215.00 OK
r-patched-linux-x86_64 1.7.6 NOTE
r-patched-solaris-x86 1.7.6 162.60 NOTE
r-release-linux-x86_64 1.7.6 34.60 70.17 104.77 NOTE
r-release-macos-x86_64 1.7.6 NOTE
r-release-windows-ix86+x86_64 1.7.6 69.00 108.00 177.00 OK
r-oldrel-macos-x86_64 1.7.6 NOTE
r-oldrel-windows-ix86+x86_64 1.7.6 83.00 126.00 209.00 OK

Check Details

Version: 1.7.6
Check: package dependencies
Result: NOTE
    Package suggested but not available for checking: 'Zelig'
Flavors: r-devel-linux-x86_64-debian-clang, r-devel-linux-x86_64-debian-gcc, r-devel-linux-x86_64-fedora-clang, r-devel-linux-x86_64-fedora-gcc, r-patched-linux-x86_64, r-patched-solaris-x86, r-release-linux-x86_64, r-release-macos-x86_64

Version: 1.7.6
Check: installed package size
Result: NOTE
     installed size is 5.2Mb
     sub-directories of 1Mb or more:
     libs 3.8Mb
Flavors: r-release-macos-x86_64, r-oldrel-macos-x86_64

Version: 1.7.6
Check: dependencies in R code
Result: NOTE
    No protocol specified
    No protocol specified
Flavor: r-oldrel-macos-x86_64