CRAN Package Check Results for Package AGPRIS

Last updated on 2023-04-01 03:53:04 CEST.

Flavor Version Tinstall Tcheck Ttotal Status Flags
r-devel-linux-x86_64-debian-clang 1.0 4.44 37.77 42.21 NOTE
r-devel-linux-x86_64-debian-gcc 1.0 3.69 27.61 31.30 NOTE
r-devel-linux-x86_64-fedora-clang 1.0 55.40 NOTE
r-devel-linux-x86_64-fedora-gcc 1.0 50.07 NOTE
r-devel-windows-x86_64 1.0 25.00 0.00 25.00 NOTE
r-patched-linux-x86_64 1.0 4.02 34.62 38.64 NOTE
r-release-linux-x86_64 1.0 4.41 35.19 39.60 NOTE
r-release-macos-arm64 1.0 22.00 NOTE
r-release-macos-x86_64 1.0 31.00 NOTE
r-release-windows-x86_64 1.0 25.00 74.00 99.00 NOTE
r-oldrel-macos-arm64 1.0 25.00 NOTE
r-oldrel-macos-x86_64 1.0 35.00 NOTE
r-oldrel-windows-ix86+x86_64 1.0 11.00 62.00 73.00 OK

Check Details

Version: 1.0
Check: package dependencies
Result: NOTE
    Package suggested but not available for checking: ‘INLA’
Flavors: r-devel-linux-x86_64-debian-clang, r-devel-linux-x86_64-debian-gcc, r-devel-windows-x86_64, r-patched-linux-x86_64, r-release-linux-x86_64, r-release-macos-arm64, r-release-macos-x86_64, r-release-windows-x86_64, r-oldrel-macos-arm64, r-oldrel-macos-x86_64

Version: 1.0
Check: dependencies in R code
Result: NOTE
    Namespace in Imports field not imported from: ‘rgdal’
     All declared Imports should be used.
Flavors: r-devel-linux-x86_64-fedora-clang, r-devel-linux-x86_64-fedora-gcc, r-release-macos-arm64, r-release-macos-x86_64, r-oldrel-macos-arm64, r-oldrel-macos-x86_64