CRAN Package Check Results for Package AGPRIS

Last updated on 2024-04-16 15:50:31 CEST.

Flavor Version Tinstall Tcheck Ttotal Status Flags
r-devel-linux-x86_64-debian-clang 2.0 4.47 36.07 40.54 NOTE
r-devel-linux-x86_64-debian-gcc 2.0 3.62 28.01 31.63 NOTE
r-devel-linux-x86_64-fedora-clang 2.0 53.38 OK
r-devel-linux-x86_64-fedora-gcc 2.0 53.73 OK
r-prerel-macos-arm64 2.0 21.00 NOTE
r-prerel-windows-x86_64 2.0 7.00 48.00 55.00 OK
r-patched-linux-x86_64 2.0 4.38 34.89 39.27 NOTE
r-release-linux-x86_64 2.0 3.68 35.75 39.43 NOTE
r-release-macos-arm64 2.0 22.00 NOTE
r-release-macos-x86_64 2.0 34.00 NOTE
r-release-windows-x86_64 2.0 7.00 51.00 58.00 NOTE
r-oldrel-macos-arm64 2.0 23.00 NOTE
r-oldrel-windows-x86_64 2.0 8.00 55.00 63.00 NOTE

Check Details

Version: 2.0
Check: package dependencies
Result: NOTE Package suggested but not available for checking: ‘INLA’ Flavors: r-devel-linux-x86_64-debian-clang, r-devel-linux-x86_64-debian-gcc, r-prerel-macos-arm64, r-patched-linux-x86_64, r-release-linux-x86_64, r-release-macos-arm64, r-release-macos-x86_64, r-release-windows-x86_64, r-oldrel-macos-arm64, r-oldrel-windows-x86_64