Last updated on 2023-09-27 16:03:10 CEST.
Flavor | Version | Tinstall | Tcheck | Ttotal | Status | Flags |
---|---|---|---|---|---|---|
r-devel-linux-x86_64-debian-clang | 1.0.4.2 | 20.16 | 96.03 | 116.19 | NOTE | |
r-devel-linux-x86_64-debian-gcc | 1.0.4.2 | 15.85 | 69.00 | 84.85 | NOTE | |
r-devel-linux-x86_64-fedora-clang | 1.0.4.2 | 146.06 | NOTE | |||
r-devel-linux-x86_64-fedora-gcc | 1.0.4.2 | 140.05 | NOTE | |||
r-devel-windows-x86_64 | 1.0.4.2 | 22.00 | 98.00 | 120.00 | NOTE | |
r-patched-linux-x86_64 | 1.0.4.2 | 22.66 | 87.37 | 110.03 | OK | |
r-release-linux-x86_64 | 1.0.4.2 | 17.12 | 90.33 | 107.45 | OK | |
r-release-macos-arm64 | 1.0.4.2 | 48.00 | OK | |||
r-release-macos-x86_64 | 1.0.4.2 | 73.00 | OK | |||
r-release-windows-x86_64 | 1.0.4.2 | 28.00 | 112.00 | 140.00 | OK | |
r-oldrel-macos-arm64 | 1.0.4.2 | 66.00 | OK | |||
r-oldrel-macos-x86_64 | 1.0.4.2 | 67.00 | OK | |||
r-oldrel-windows-x86_64 | 1.0.4.2 | 27.00 | 122.00 | 149.00 | OK |
Version: 1.0.4.2
Check: Rd contents
Result: NOTE
Argument items with no description in Rd object 'testRmACD':
‘pStar’
Flavors: r-devel-linux-x86_64-debian-clang, r-devel-linux-x86_64-debian-gcc, r-devel-linux-x86_64-fedora-clang, r-devel-linux-x86_64-fedora-gcc, r-devel-windows-x86_64
Version: 1.0.4.2
Check: compiled code
Result: NOTE
File ‘ACDm/libs/ACDm.so’:
Found no calls to: ‘R_registerRoutines’, ‘R_useDynamicSymbols’
It is good practice to register native routines and to disable symbol
search.
See ‘Writing portable packages’ in the ‘Writing R Extensions’ manual.
Flavors: r-devel-linux-x86_64-fedora-clang, r-devel-linux-x86_64-fedora-gcc